te n(-6).
72
Let t(y) = y**2 + 2*y - 297. Calculate t(23).
278
Let n(h) = 529*h - 3697. Determine n(7).
6
Let t(c) = 10*c**3 - 271*c**2 + 23*c + 96. Determine t(27).
-12
Let b(l) = 25*l**2 - 19*l + 37. What is b(3)?
205
Let o(n) = n**2 - 54*n + 413. Determine o(12).
-91
Let t(j) = -11*j**2 + 134*j + 288. Calculate t(14).
8
Let o(j) = -157*j + 1411. Determine o(9).
-2
Let t(j) = 63*j - 9693. Give t(154).
9
Let f(p) = 117*p + 6085. What is f(-52)?
1
Let w(j) = 28*j**3 - j**2 - 155*j + 157. Give w(1).
29
Let k(o) = o**2 + 3*o - 17. Give k(3).
1
Let z(a) = -2*a**2 + 121*a - 1570. Determine z(18).
-40
Let l(b) = 8*b**3 - b**2 - 12*b - 5. What is l(-3)?
-194
Let i(n) = -5*n**2 + 144*n - 108. What is i(28)?
4
Let j(c) = -3*c**2 - 178*c - 1314. Give j(-7).
-215
Let f(m) = -3*m**3 + 71*m**2 + 36*m - 120. Determine f(24).
168
Let o(v) = v**3 + 40*v**2 - 80*v + 176. Calculate o(-42).
8
Let y(o) = 122*o - 1090. What is y(13)?
496
Let v(f) = -18*f - 36. Calculate v(7).
-162
Let k(z) = -80*z - 6419. Give k(-80).
-19
Let b(u) = 258*u**2 + u. Calculate b(-1).
257
Let b(q) = q**3 + q**2 - 341*q + 20. What is b(-19)?
1
Let u(s) = s**2 - 82*s + 523. Give u(66).
-533
Let c(t) = t**3 - 16*t**2 + 2*t - 4. Calculate c(16).
28
Let w(j) = -2*j**2 + 189*j - 1200. What is w(7)?
25
Let n(p) = -879*p + 773. What is n(1)?
-106
Let w(s) = -2*s**3 + 66*s**2 - 14*s + 80. What is w(33)?
-382
Let x(i) = -48*i + 701. Determine x(15).
-19
Let x(w) = 82*w**2 + 3*w - 10. Determine x(-3).
719
Let p(r) = -2*r**3 + 17*r**2 - 14*r + 25. What is p(8)?
-23
Let j(o) = 101*o - 855. What is j(9)?
54
Let x(d) = -d**3 - 3*d**2 + 6*d + 44. Determine x(-4).
36
Let b(x) = 24*x + 556. Calculate b(-22).
28
Let b(w) = w**3 - w - 125. What is b(0)?
-125
Let r(a) = -115*a + 927. Determine r(8).
7
Let v(g) = -13*g - 437. What is v(-47)?
174
Let n(j) = j**2 - 111*j + 1365. Give n(14).
7
Let t(x) = -x**3 - 32*x**2 + 372*x + 122. What is t(-41)?
-1
Let i(q) = 2*q**2 - 725*q - 9748. Calculate i(-13).
15
Let k(p) = -5*p**2 + 82*p - 311. What is k(13)?
-90
Let i(y) = -2*y**3 - 22*y**2 + 25*y + 13. Calculate i(-12).
1
Let j(m) = 16*m + 42. Give j(-4).
-22
Let r(c) = -3973*c - 51652. Calculate r(-13).
-3
Let c(o) = -2*o**2 - 121*o - 552. Calculate c(-5).
3
Let c(j) = 30*j**2 - 542*j + 38. Give c(18).
2
Let y(t) = 11*t**2 - 50*t - 38. What is y(5)?
-13
Let n(c) = 4*c**2 - 39*c - 12. Give n(7).
-89
Let h(t) = -119*t - 1561. Calculate h(-13).
-14
Let r(h) = -140*h - 3224. Determine r(-23).
-4
Let m(z) = -7*z**2 - 31*z + 11. Calculate m(-8).
-189
Let w(a) = 329*a - 328. What is w(1)?
1
Let c(k) = -12*k + 106. Calculate c(4).
58
Let q(c) = -2*c**2 + 31*c - 81. What is q(10)?
29
Let o(d) = -9*d**2 - 125*d + 5625. Determine o(19).
1
Let i(c) = 300*c + 6047. Determine i(-19).
347
Let n(i) = 5*i**3 + 43*i**2 + 12*i + 267. What is n(-9)?
-3
Let f(r) = -38*r + 491. Determine f(13).
-3
Let l(w) = -36*w**2 + 1621*w - 76. Calculate l(45).
-31
Let q(x) = -80*x**2 + 196*x - 11. Calculate q(3).
-143
Let o(k) = k**2 + 132*k + 972. Calculate o(-8).
-20
Let q(j) = -41*j - 1472. Calculate q(-44).
332
Let p(u) = 5*u**3 + u**2 + 13*u - 27. Calculate p(4).
361
Let i(w) = w**2 - 18*w - 1217. What is i(-26)?
-73
Let f(m) = 1347*m + 66009. Calculate f(-49).
6
Let l(d) = 20*d - 7. Give l(-36).
-727
Let l(t) = t**3 + t**2 - 238. Calculate l(0).
-238
Let v(n) = n**3 - 2*n**2 - 291*n - 31. Determine v(-16).
17
Let c(i) = -7*i**2 - 72*i - 234. Calculate c(-7).
-73
Let d(f) = 441*f - 1305. Calculate d(3).
18
Let t(n) = -2*n**3 + 116*n**2 - 111*n - 191. Determine t(57).
-20
Let o(y) = y**3 + 26*y**2 + 26*y - 123. Calculate o(-25).
-148
Let t(g) = -2*g**3 + 25*g**2 + 16*g - 34. Calculate t(13).
5
Let g(d) = 10*d**3 - 38*d**2 - 67*d + 21. Give g(5).
-14
Let r(k) = -35*k**2 + 33*k + 102. What is r(-3)?
-312
Let h(u) = 3*u**3 - 6*u**2 + 3*u + 19. What is h(-3)?
-125
Let q(m) = -2134*m - 6409. Give q(-3).
-7
Let s(j) = j**2 - 21*j + 7. Calculate s(22).
29
Let f(x) = 1166*x - 45445. Calculate f(39).
29
Let v(y) = y**3 + 9*y**2 - 84*y - 10. Calculate v(-13).
406
Let q(m) = 2*m**3 + 20*m**2 + 58*m + 48. What is q(-6)?
-12
Let c(h) = h**2 - 33*h - 10448. What is c(120)?
-8
Let s(d) = 6*d**2 - 78*d + 6. Calculate s(0).
6
Let h(l) = 48*l**2 - 2067*l + 137. Give h(43).
8
Let j(n) = n**3 - 156*n**2 + 213*n - 8980. What is j(155)?
10
Let p(u) = -2*u**3 + 15*u**2 - 16*u + 63. Give p(6).
75
Let v(j) = j**2 - 26*j - 17. What is v(0)?
-17
Let z(s) = -s**3 - 27*s**2 - 47*s - 301. What is z(-26)?
245
Let p(o) = -o**3 + 35*o**2 + 11. Determine p(0).
11
Let x(j) = 141*j**2 + 4*j + 1. Determine x(1).
146
Let p(w) = -24*w**3 + 2*w - 4. Calculate p(2).
-192
Let b(l) = -l**3 - 3*l**2 + 291*l + 2014. Calculate b(-8).
6
Let f(x) = 4*x + 244. Give f(-11).
200
Let q(r) = r**3 - 6*r**2 - 63*r + 318. Calculate q(5).
-22
Let x(z) = -9*z**3 + 204*z**2 + 69*z + 9. Give x(23).
9
Let o(i) = i**2 + 31*i - 8. What is o(-31)?
-8
Let l(z) = 16*z + 28. Give l(-4).
-36
Let n(l) = -l**3 + 45*l**2 + 51*l - 107. What is n(46)?
123
Let k(d) = 284*d + 859. Give k(-3).
7
Let h(u) = u**3 - 26*u**2 + 30*u - 43. Determine h(25).
82
Let o(s) = -176*s + 172. Calculate o(1).
-4
Let c(h) = -79*h - 125. Calculate c(-4).
191
Let l(o) = o**2 - 31*o + 232. Determine l(12).
4
Let o(f) = -f**3 - 93*f**2 - 179*f + 255. Give o(-91).
-18
Let t(l) = -l**3 - 34*l**2 + 58*l - 559. Determine t(-36).
-55
Let x(m) = -2452*m + 22007. Calculate x(9).
-61
Let b(t) = 23*t + 203. Calculate b(-8).
19
Let m(h) = h**3 + 19*h**2 - 22*h - 270. Calculate m(-19).
148
Let j(f) = 24*f - 479. Calculate j(22).
49
Let a(i) = -12*i**2 - 10*i - 10. Determine a(-3).
-88
Let d(p) = 6*p - 26. Calculate d(-20).
-146
Let y(k) = 50*k - 47. Give y(1).
3
Let y(t) = -43*t - 400. Give y(-9).
-13
Let d(x) = 95*x + 968. Give d(-10).
18
Let o(g) = g**3 - 82*g**2 - 184*g + 8388. Determine o(83).
5
Let j(l) = -l**3 - 72*l**2 - 71*l + 1. What is j(-71)?
1
Let c(g) = -g**3 - 5*g**2 + 2*g - 1. Determine c(-4).
-25
Let r(a) = 6*a**2 + 160*a + 99. What is r(-26)?
-5
Let q(w) = -w**2 + 25*w + 435. What is q(-12)?
-9
Let s(m) = 11*m**2 - 386*m + 58. What is s(35)?
23
Let k(f) = 128*f + 1978. Give k(-15).
58
Let r(j) = 5*j**3 + 325*j**2 + j + 70. Give r(-65).
5
Let x(f) = -7*f**3 - 287*f**2 + 2. Give x(-41).
2
Let n(o) = 350*o - 2485. What is n(7)?
-35
Let s(q) = 5*q**2 + 70*q + 161. Determine s(-11).
-4
Let p(g) = g**3 + 25*g**2 - 25*g + 32. Give p(-26).
6
Let n(b) = 77*b + 81. Calculate n(-2).
-73
Let g(t) = t**3 + 25*t**2 - 75*t + 245. Determine g(-28).
-7
Let b(u) = 4*u + 312. Give b(-76).
8
Let m(h) = -h**2 - 51*h + 66. Calculate m(-50).
116
Let a(x) = x**3 - 12*x**2 - 147*x + 1089. Determine a(6).
-9
Let o(p) = p**2 + 8*p + 8. Calculate o(-6).
-4
Let k(t) = -13*t**2 - 27*t + 2. Determine k(-6).
-304
Let a(u) = -10*u**2 - 580*u - 7773. Give a(-37).
-3
Let j(f) = -f**3 + 4*f**2 + 23*f + 6. Determine j(-5).
116
Let i(w) = 80*w**3 - 4*w**2 + 6*w - 1. What is i(1)?
81
Let g(d) = -d**2 + 51*d - 253. What is g(5)?
-23
Let w(a) = -16*a**3 - 3*a**2 - 8*a - 7. Calculate w(-2).
125
Let l(f) = -f**3 + 21*f**2 - 115*f - 1. What is l(10)?
-51
Let z(h) = 130*h**2 - 59*h + 117. Determine z(2).
519
Let p(d) = -5710*d + 6. Give p(0).
6
Let h(w) = -6*w - 296. Calculate h(-27).
-134
Let a(o) = -o**2 + 57*o + 191. Determine a(56).
247
Let o(c) = -5*c + 44. Give o(11).
-11
Let v(f) = 77*f**2 - 5466*f - 70. Calculate v(71).
1
Let r(h) = h**2 - 69*h - 1405. What is r(-16)?
-45
Let y(k) = -96*k - 379. Determine y(-4).
5
Let t(p) = -2552*p + 15321. Calculate t(6).
9
Let y(n) = 57*n + 198. Determine y(-5).
-87
Let k(m) = -36*m - 2325. Give k(-65).
15
Let u(t) = 125*t - 35. Calculate u(0).
-35
Let n(v) = -3*v**2 - 12*v + 60. Calculate n(-5).
45
Let x(b) = 2*b**3 + 50*b**2 + 179*b + 47. Give x(-4).
3
Let c(f) = -2*f**2 + 37*f - 9. What is c(18)?
9
Let s(o) = -58*o + 64. Determine s(2).
-52
Let m(o) = 80479*o + 482875. What is m(-6)?
1
Let n(d) = -67*d**2 - 443*d - 10. Calculate n(-6).
236
Let r(m) = -114*m - 665. What is r(-6)?
19
Let p(v) = 3*v**2 + 1576*v + 4704. What is p(-3)?
3
Let g(l) = l**2 + 21. Calculate g(0).
21
Let n(w) = 6*w**3 + 227*w**2 - 41*w - 161. Give n(-38).
-47
Let v(y) = 4*y**2 - 51*y + 121. What is v(10)?
11
Let i(v) = v**3 - 2*v**2 - 28*v + 23. Cal